{"id":857,"date":"2020-05-07T10:10:13","date_gmt":"2020-05-07T08:10:13","guid":{"rendered":"https:\/\/adam-theis.de\/?page_id=857"},"modified":"2023-11-27T08:48:20","modified_gmt":"2023-11-27T07:48:20","slug":"857-2","status":"publish","type":"page","link":"https:\/\/adam-theis.de\/?page_id=857","title":{"rendered":"Unsere Produkte"},"content":{"rendered":"\n<p>Die folgenden Produkte erhalten Sie ohne Vorbestellung in unserem Vitamin-Drive-In. In unserem neuen <a href=\"http:\/\/shop.adam-theis.de\">Webshop<\/a> k\u00f6nnen Sie sich aber auch individuelle Bestellungen aus unserem gro\u00dfen Frische-Sortiment zusammenstellen.<\/p>\n\n\n\n<hr class=\"wp-block-separator has-css-opacity\"\/>\n\n\n\n<h2 class=\"has-text-align-center wp-block-heading\">Unsere bunt gemischten Kisten<\/h2>\n\n\n\n<hr class=\"wp-block-separator has-css-opacity\"\/>\n\n\n\n<div class=\"wp-block-media-text alignwide is-stacked-on-mobile is-vertically-aligned-center\" style=\"grid-template-columns:34% auto\"><figure class=\"wp-block-media-text__media\"><a href=\"https:\/\/adam-theis.de\/wp-content\/uploads\/Gemuesekiste.jpg\" target=\"_blank\" rel=\"noopener noreferrer\"><img loading=\"lazy\" decoding=\"async\" width=\"1024\" height=\"686\" src=\"https:\/\/adam-theis.de\/wp-content\/uploads\/Gemuesekiste-1024x686.jpg\" alt=\"\" class=\"wp-image-1623 size-full\" srcset=\"https:\/\/adam-theis.de\/wp-content\/uploads\/Gemuesekiste-1024x686.jpg 1024w, https:\/\/adam-theis.de\/wp-content\/uploads\/Gemuesekiste-300x201.jpg 300w, https:\/\/adam-theis.de\/wp-content\/uploads\/Gemuesekiste-768x514.jpg 768w, https:\/\/adam-theis.de\/wp-content\/uploads\/Gemuesekiste-360x240.jpg 360w, https:\/\/adam-theis.de\/wp-content\/uploads\/Gemuesekiste.jpg 1147w\" sizes=\"auto, (max-width: 1024px) 100vw, 1024px\" \/><\/a><\/figure><div class=\"wp-block-media-text__content\">\n<h3 class=\"wp-block-heading\"><strong>Die Gem\u00fcse-Kiste<\/strong><\/h3>\n\n\n\n<p>Gewicht: 5-6 kg<br>Abholpreis: \u20ac 13,50 <br><br>Enth\u00e4lt z.B. Salate, Blattspinat, Radieschen, Sellerie und mehr<\/p>\n\n\n\n<p><\/p>\n<\/div><\/div>\n\n\n\n<hr class=\"wp-block-separator has-css-opacity\"\/>\n\n\n\n<div class=\"wp-block-media-text alignwide is-stacked-on-mobile is-vertically-aligned-center\" style=\"grid-template-columns:34% auto\"><figure class=\"wp-block-media-text__media\"><a href=\"https:\/\/adam-theis.de\/wp-content\/uploads\/2020\/03\/Obst-Kiste-2.jpg\"><img loading=\"lazy\" decoding=\"async\" width=\"1024\" height=\"686\" src=\"https:\/\/adam-theis.de\/wp-content\/uploads\/2020\/03\/Obst-Kiste-2-1024x686.jpg\" alt=\"\" class=\"wp-image-427 size-full\" srcset=\"https:\/\/adam-theis.de\/wp-content\/uploads\/2020\/03\/Obst-Kiste-2-1024x686.jpg 1024w, https:\/\/adam-theis.de\/wp-content\/uploads\/2020\/03\/Obst-Kiste-2-300x201.jpg 300w, https:\/\/adam-theis.de\/wp-content\/uploads\/2020\/03\/Obst-Kiste-2-768x514.jpg 768w, https:\/\/adam-theis.de\/wp-content\/uploads\/2020\/03\/Obst-Kiste-2-360x240.jpg 360w, https:\/\/adam-theis.de\/wp-content\/uploads\/2020\/03\/Obst-Kiste-2.jpg 1147w\" sizes=\"auto, (max-width: 1024px) 100vw, 1024px\" \/><\/a><\/figure><div class=\"wp-block-media-text__content\">\n<h3 class=\"wp-block-heading\"><strong><strong>Die Obst-Kiste<\/strong>&nbsp;<\/strong><\/h3>\n\n\n\n<p>Gewicht: 4 kg<br>Abholpreis: \u20ac 12,50<br><br>Enth\u00e4lt z.B. \u00c4pfel, Orangen, Bananen, Birnen, Kiwi, Zitronen, Melone<\/p>\n\n\n\n<p><\/p>\n<\/div><\/div>\n\n\n\n<hr class=\"wp-block-separator has-css-opacity\"\/>\n\n\n\n<div class=\"wp-block-media-text alignwide is-stacked-on-mobile is-vertically-aligned-center\" style=\"grid-template-columns:34% auto\"><figure class=\"wp-block-media-text__media\"><a href=\"https:\/\/adam-theis.de\/wp-content\/uploads\/2020\/03\/Vitamin-Kiste-2.jpg\" target=\"_blank\" rel=\"noopener noreferrer\"><img loading=\"lazy\" decoding=\"async\" width=\"1024\" height=\"686\" src=\"https:\/\/adam-theis.de\/wp-content\/uploads\/2020\/03\/Vitamin-Kiste-2-1024x686.jpg\" alt=\"\" class=\"wp-image-428 size-full\" srcset=\"https:\/\/adam-theis.de\/wp-content\/uploads\/2020\/03\/Vitamin-Kiste-2-1024x686.jpg 1024w, https:\/\/adam-theis.de\/wp-content\/uploads\/2020\/03\/Vitamin-Kiste-2-300x201.jpg 300w, https:\/\/adam-theis.de\/wp-content\/uploads\/2020\/03\/Vitamin-Kiste-2-768x514.jpg 768w, https:\/\/adam-theis.de\/wp-content\/uploads\/2020\/03\/Vitamin-Kiste-2-360x240.jpg 360w, https:\/\/adam-theis.de\/wp-content\/uploads\/2020\/03\/Vitamin-Kiste-2.jpg 1147w\" sizes=\"auto, (max-width: 1024px) 100vw, 1024px\" \/><\/a><\/figure><div class=\"wp-block-media-text__content\">\n<h3 class=\"wp-block-heading\"><strong><strong><strong>Die Vitamin-Kiste<\/strong><\/strong><\/strong><\/h3>\n\n\n\n<p>Gewicht: 7 kg<br>Abholpreis: \u20ac 17,-<br><br>Enth\u00e4lt <br>Obst (z.B. \u00c4pfel, Birnen, Orangen, Kiwi)<br>Gem\u00fcse (z.B. Karotten, Radieschen, Kohlrabi, Tomaten)<br>Salat (z.B. Eissalat, Endivien, Chinakohl)<br>weitere Spezialit\u00e4ten (z.B. Kresse, Ingwer, Champignons)<\/p>\n\n\n\n<p><\/p>\n<\/div><\/div>\n\n\n\n<hr class=\"wp-block-separator has-css-opacity\"\/>\n\n\n\n<p><\/p>\n","protected":false},"excerpt":{"rendered":"<p>Die folgenden Produkte erhalten Sie ohne Vorbestellung in unserem Vitamin-Drive-In. In unserem neuen Webshop k\u00f6nnen Sie sich aber auch individuelle Bestellungen aus unserem gro\u00dfen Frische-Sortiment zusammenstellen. Unsere bunt gemischten Kisten Die Gem\u00fcse-Kiste Gewicht: 5-6 kgAbholpreis: \u20ac 13,50 Enth\u00e4lt z.B. Salate, Blattspinat, Radieschen, Sellerie und mehr Die Obst-Kiste&nbsp; Gewicht: 4 kgAbholpreis: [&hellip;]<\/p>\n","protected":false},"author":1,"featured_media":0,"parent":0,"menu_order":0,"comment_status":"closed","ping_status":"closed","template":"","meta":{"footnotes":""},"class_list":["post-857","page","type-page","status-publish","hentry"],"_links":{"self":[{"href":"https:\/\/adam-theis.de\/index.php?rest_route=\/wp\/v2\/pages\/857","targetHints":{"allow":["GET"]}}],"collection":[{"href":"https:\/\/adam-theis.de\/index.php?rest_route=\/wp\/v2\/pages"}],"about":[{"href":"https:\/\/adam-theis.de\/index.php?rest_route=\/wp\/v2\/types\/page"}],"author":[{"embeddable":true,"href":"https:\/\/adam-theis.de\/index.php?rest_route=\/wp\/v2\/users\/1"}],"replies":[{"embeddable":true,"href":"https:\/\/adam-theis.de\/index.php?rest_route=%2Fwp%2Fv2%2Fcomments&post=857"}],"version-history":[{"count":84,"href":"https:\/\/adam-theis.de\/index.php?rest_route=\/wp\/v2\/pages\/857\/revisions"}],"predecessor-version":[{"id":3363,"href":"https:\/\/adam-theis.de\/index.php?rest_route=\/wp\/v2\/pages\/857\/revisions\/3363"}],"wp:attachment":[{"href":"https:\/\/adam-theis.de\/index.php?rest_route=%2Fwp%2Fv2%2Fmedia&parent=857"}],"curies":[{"name":"wp","href":"https:\/\/api.w.org\/{rel}","templated":true}]}}

<p>Die folgenden Produkte erhalten Sie ohne Vorbestellung in unserem Vitamin-Drive-In. In unserem neuen <a href="http://shop.adam-theis.de">Webshop</a> können Sie sich aber auch individuelle Bestellungen aus unserem großen Frische-Sortiment zusammenstellen.</p>



<hr class="wp-block-separator has-css-opacity"/>



<h2 class="has-text-align-center wp-block-heading">Unsere bunt gemischten Kisten</h2>



<hr class="wp-block-separator has-css-opacity"/>



<div class="wp-block-media-text alignwide is-stacked-on-mobile is-vertically-aligned-center" style="grid-template-columns:34% auto"><figure class="wp-block-media-text__media"><a href="https://adam-theis.de/wp-content/uploads/Gemuesekiste.jpg" target="_blank" rel="noopener noreferrer"><img loading="lazy" decoding="async" width="1024" height="686" src="https://adam-theis.de/wp-content/uploads/Gemuesekiste-1024x686.jpg" alt="" class="wp-image-1623 size-full" srcset="https://adam-theis.de/wp-content/uploads/Gemuesekiste-1024x686.jpg 1024w, https://adam-theis.de/wp-content/uploads/Gemuesekiste-300x201.jpg 300w, https://adam-theis.de/wp-content/uploads/Gemuesekiste-768x514.jpg 768w, https://adam-theis.de/wp-content/uploads/Gemuesekiste-360x240.jpg 360w, https://adam-theis.de/wp-content/uploads/Gemuesekiste.jpg 1147w" sizes="auto, (max-width: 1024px) 100vw, 1024px" /></a></figure><div class="wp-block-media-text__content">
<h3 class="wp-block-heading"><strong>Die Gemüse-Kiste</strong></h3>



<p>Gewicht: 5-6 kg<br>Abholpreis: € 13,50 <br><br>Enthält z.B. Salate, Blattspinat, Radieschen, Sellerie und mehr</p>



<p></p>
</div></div>



<hr class="wp-block-separator has-css-opacity"/>



<div class="wp-block-media-text alignwide is-stacked-on-mobile is-vertically-aligned-center" style="grid-template-columns:34% auto"><figure class="wp-block-media-text__media"><a href="https://adam-theis.de/wp-content/uploads/2020/03/Obst-Kiste-2.jpg"><img loading="lazy" decoding="async" width="1024" height="686" src="https://adam-theis.de/wp-content/uploads/2020/03/Obst-Kiste-2-1024x686.jpg" alt="" class="wp-image-427 size-full" srcset="https://adam-theis.de/wp-content/uploads/2020/03/Obst-Kiste-2-1024x686.jpg 1024w, https://adam-theis.de/wp-content/uploads/2020/03/Obst-Kiste-2-300x201.jpg 300w, https://adam-theis.de/wp-content/uploads/2020/03/Obst-Kiste-2-768x514.jpg 768w, https://adam-theis.de/wp-content/uploads/2020/03/Obst-Kiste-2-360x240.jpg 360w, https://adam-theis.de/wp-content/uploads/2020/03/Obst-Kiste-2.jpg 1147w" sizes="auto, (max-width: 1024px) 100vw, 1024px" /></a></figure><div class="wp-block-media-text__content">
<h3 class="wp-block-heading"><strong><strong>Die Obst-Kiste</strong>&nbsp;</strong></h3>



<p>Gewicht: 4 kg<br>Abholpreis: € 12,50<br><br>Enthält z.B. Äpfel, Orangen, Bananen, Birnen, Kiwi, Zitronen, Melone</p>



<p></p>
</div></div>



<hr class="wp-block-separator has-css-opacity"/>



<div class="wp-block-media-text alignwide is-stacked-on-mobile is-vertically-aligned-center" style="grid-template-columns:34% auto"><figure class="wp-block-media-text__media"><a href="https://adam-theis.de/wp-content/uploads/2020/03/Vitamin-Kiste-2.jpg" target="_blank" rel="noopener noreferrer"><img loading="lazy" decoding="async" width="1024" height="686" src="https://adam-theis.de/wp-content/uploads/2020/03/Vitamin-Kiste-2-1024x686.jpg" alt="" class="wp-image-428 size-full" srcset="https://adam-theis.de/wp-content/uploads/2020/03/Vitamin-Kiste-2-1024x686.jpg 1024w, https://adam-theis.de/wp-content/uploads/2020/03/Vitamin-Kiste-2-300x201.jpg 300w, https://adam-theis.de/wp-content/uploads/2020/03/Vitamin-Kiste-2-768x514.jpg 768w, https://adam-theis.de/wp-content/uploads/2020/03/Vitamin-Kiste-2-360x240.jpg 360w, https://adam-theis.de/wp-content/uploads/2020/03/Vitamin-Kiste-2.jpg 1147w" sizes="auto, (max-width: 1024px) 100vw, 1024px" /></a></figure><div class="wp-block-media-text__content">
<h3 class="wp-block-heading"><strong><strong><strong>Die Vitamin-Kiste</strong></strong></strong></h3>



<p>Gewicht: 7 kg<br>Abholpreis: € 17,-<br><br>Enthält <br>Obst (z.B. Äpfel, Birnen, Orangen, Kiwi)<br>Gemüse (z.B. Karotten, Radieschen, Kohlrabi, Tomaten)<br>Salat (z.B. Eissalat, Endivien, Chinakohl)<br>weitere Spezialitäten (z.B. Kresse, Ingwer, Champignons)</p>



<p></p>
</div></div>



<hr class="wp-block-separator has-css-opacity"/>



<p></p>

<p>Die folgenden Produkte erhalten Sie ohne Vorbestellung in unserem Vitamin-Drive-In. In unserem neuen Webshop können Sie sich aber auch individuelle Bestellungen aus unserem großen Frische-Sortiment zusammenstellen. Unsere bunt gemischten Kisten Die Gemüse-Kiste Gewicht: 5-6 kgAbholpreis: € 13,50 Enthält z.B. Salate, Blattspinat, Radieschen, Sellerie und mehr Die Obst-Kiste&nbsp; Gewicht: 4 kgAbholpreis: [&hellip;]</p>
