{"id":1049,"date":"2020-06-09T10:04:43","date_gmt":"2020-06-09T08:04:43","guid":{"rendered":"https:\/\/adam-theis.de\/?page_id=1049"},"modified":"2026-04-22T11:50:03","modified_gmt":"2026-04-22T09:50:03","slug":"karriere-bei-adam-theis","status":"publish","type":"page","link":"https:\/\/adam-theis.de\/?page_id=1049","title":{"rendered":"Karriere bei Adam Theis"},"content":{"rendered":"\n<p>Die Adam Theis GmbH ist einer der gr\u00f6\u00dften Obst- und Gem\u00fcsevermarkter der Pfalz mit mehr als 300 Mitarbeitern. Unser familiengef\u00fchrtes Unternehmen beliefert seit 1875 Gro\u00dfh\u00e4ndler in S\u00fcddeutschland und die regionale Gastronomie, auch mit selbstproduzierter, k\u00fcchenfertiger Schnittware.<br>Auch im Jahr 2025 hat die Adam Theis GmbH wieder die <strong><a href=\"https:\/\/adam-theis.de\/wp-content\/uploads\/IHK-Urkunde-2025-Ausbildungsbetrieb.pdf\" target=\"_blank\" rel=\"noreferrer noopener\">IHK Auszeichnung<\/a><\/strong> f\u00fcr einen entscheidenden Beitrag f\u00fcr die Entwicklung der pf\u00e4lzischen Wirtschaft erhalten.<\/p>\n\n\n\n<p>Frische-Logistik ist unsere t\u00e4gliche Herausforderung und Kundenzufriedenheit ist unser Ziel. Um dieses Ziel auch zuk\u00fcnftig erreichen zu k\u00f6nnen, braucht unser Team Verst\u00e4rkung.<\/p>\n\n\n\n<figure class=\"wp-block-video\"><video controls src=\"https:\/\/adam-theis.de\/wp-content\/uploads\/adam_theis___recruitingclip_allgemein.mp4\"><\/video><\/figure>\n\n\n\n<div style=\"height:23px\" aria-hidden=\"true\" class=\"wp-block-spacer\"><\/div>\n\n\n\n<p class=\"has-text-align-left\">Wir haben Ihr Interesse geweckt? Dann bewerben Sie sich bitte hier:<\/p>\n\n\n\n<p><a href=\"https:\/\/adam-theis.de\/?aol_ad=schnellbewerbung\">Schnellbewerbung<\/a><\/p>\n\n\n\n<div class=\"wp-block-columns is-layout-flex wp-container-core-columns-is-layout-28f84493 wp-block-columns-is-layout-flex\">\n<div class=\"wp-block-column is-layout-flow wp-block-column-is-layout-flow\" style=\"flex-basis:100%\">\n<h2 class=\"wp-block-heading\" style=\"font-size:28px\"><strong>Ausbildung\/Studium:<\/strong><\/h2>\n\n\n\n<figure class=\"wp-block-table alignleft is-style-stripes\"><table class=\"has-fixed-layout\"><tbody><tr><td class=\"has-text-align-left\" data-align=\"left\"><a href=\"https:\/\/adam-theis.de\/wp-content\/uploads\/Stellenanz.Azubi-Kaufmann-GH-2026.pdf\" target=\"_blank\" rel=\"noreferrer noopener\">Ausbildung zum Kaufmann f\u00fcr Gro\u00df- und Au\u00dfenhandelsmanagement (m\/w\/d)<\/a><\/td><td class=\"has-text-align-right\" data-align=\"right\"><a href=\"https:\/\/adam-theis.de\/wp-content\/uploads\/adam_theis___MARVIN_Gross_A_Kaufmann_Ausbildung.mp4\" target=\"_blank\" rel=\"noreferrer noopener\">Video<\/a><\/td><\/tr><tr><td class=\"has-text-align-left\" data-align=\"left\"><a href=\"https:\/\/adam-theis.de\/wp-content\/uploads\/Stellenanz.Azubi-Fachkraft-Lagerlogistik.pdf\" target=\"_blank\" rel=\"noreferrer noopener\">Ausbildung zur Fachkraft f\u00fcr Lagerlogistik (m\/w\/d)<\/a><\/td><td class=\"has-text-align-right\" data-align=\"right\"><a href=\"https:\/\/adam-theis.de\/wp-content\/uploads\/adam_theis___MARIUS_Lagerlogistik_Ausbildung.mp4\" target=\"_blank\" rel=\"noreferrer noopener\">Video<\/a><\/td><\/tr><tr><td class=\"has-text-align-left\" data-align=\"left\"><a href=\"https:\/\/adam-theis.de\/wp-content\/uploads\/Stellenanz.DHBW-BWL-Handel-2026.pdf\" target=\"_blank\" rel=\"noreferrer noopener\">Duales Studium BWL-Handel (Bachelor of Arts) (m\/w\/d)<\/a><\/td><td class=\"has-text-align-right\" data-align=\"right\"><\/td><\/tr><tr><td class=\"has-text-align-left\" data-align=\"left\"><a href=\"https:\/\/adam-theis.de\/wp-content\/uploads\/Stellenanz.DHBW-BWL-Food-Management_2026.pdf\">Duales Studium BWL-Food Management (Bachelor of Arts) (m\/w\/d)<\/a><\/td><td class=\"has-text-align-right\" data-align=\"right\"><\/td><\/tr><\/tbody><\/table><\/figure>\n<\/div>\n<\/div>\n\n\n\n<h2 class=\"wp-block-heading\"><strong>Vakante Stellen:<\/strong><\/h2>\n\n\n\n<figure class=\"wp-block-table alignleft is-style-stripes\"><table class=\"has-fixed-layout\"><tbody><tr><td><a href=\"https:\/\/adam-theis.de\/wp-content\/uploads\/Lagerarbeiter-GH-19.12.25.pdf\">Lagerarbeiter \/ Kommissionierer \/ Warenannehmer Gro\u00dfhandel (m\/w\/d)<\/a><\/td><td class=\"has-text-align-right\" data-align=\"right\"><\/td><\/tr><tr><td><a href=\"https:\/\/adam-theis.de\/wp-content\/uploads\/26-02-17-Produktionshelfer-17.02.2026.pdf\">Produktionshelfer in der Gem\u00fcse-Verarbeitung (m\/w\/d)<\/a><\/td><td class=\"has-text-align-right\" data-align=\"right\"><\/td><\/tr><\/tbody><\/table><\/figure>\n\n\n\n<hr class=\"wp-block-separator has-css-opacity\"\/>\n\n\n\n<p><\/p>\n\n\n\n<p><\/p>\n\n\n\n<p><\/p>\n\n\n\n<p><mark style=\"background-color:rgba(0, 0, 0, 0)\" class=\"has-inline-color has-white-color\">.<\/mark><\/p>\n\n\n\n<p><\/p>\n","protected":false},"excerpt":{"rendered":"<p>Die Adam Theis GmbH ist einer der gr\u00f6\u00dften Obst- und Gem\u00fcsevermarkter der Pfalz mit mehr als 300 Mitarbeitern. Unser familiengef\u00fchrtes Unternehmen beliefert seit 1875 Gro\u00dfh\u00e4ndler in S\u00fcddeutschland und die regionale Gastronomie, auch mit selbstproduzierter, k\u00fcchenfertiger Schnittware.Auch im Jahr 2025 hat die Adam Theis GmbH wieder die IHK Auszeichnung f\u00fcr einen [&hellip;]<\/p>\n","protected":false},"author":4,"featured_media":0,"parent":0,"menu_order":0,"comment_status":"closed","ping_status":"closed","template":"","meta":{"footnotes":""},"class_list":["post-1049","page","type-page","status-publish","hentry"],"_links":{"self":[{"href":"https:\/\/adam-theis.de\/index.php?rest_route=\/wp\/v2\/pages\/1049","targetHints":{"allow":["GET"]}}],"collection":[{"href":"https:\/\/adam-theis.de\/index.php?rest_route=\/wp\/v2\/pages"}],"about":[{"href":"https:\/\/adam-theis.de\/index.php?rest_route=\/wp\/v2\/types\/page"}],"author":[{"embeddable":true,"href":"https:\/\/adam-theis.de\/index.php?rest_route=\/wp\/v2\/users\/4"}],"replies":[{"embeddable":true,"href":"https:\/\/adam-theis.de\/index.php?rest_route=%2Fwp%2Fv2%2Fcomments&post=1049"}],"version-history":[{"count":339,"href":"https:\/\/adam-theis.de\/index.php?rest_route=\/wp\/v2\/pages\/1049\/revisions"}],"predecessor-version":[{"id":5229,"href":"https:\/\/adam-theis.de\/index.php?rest_route=\/wp\/v2\/pages\/1049\/revisions\/5229"}],"wp:attachment":[{"href":"https:\/\/adam-theis.de\/index.php?rest_route=%2Fwp%2Fv2%2Fmedia&parent=1049"}],"curies":[{"name":"wp","href":"https:\/\/api.w.org\/{rel}","templated":true}]}}

<p>Die Adam Theis GmbH ist einer der größten Obst- und Gemüsevermarkter der Pfalz mit mehr als 300 Mitarbeitern. Unser familiengeführtes Unternehmen beliefert seit 1875 Großhändler in Süddeutschland und die regionale Gastronomie, auch mit selbstproduzierter, küchenfertiger Schnittware.<br>Auch im Jahr 2025 hat die Adam Theis GmbH wieder die <strong><a href="https://adam-theis.de/wp-content/uploads/IHK-Urkunde-2025-Ausbildungsbetrieb.pdf" target="_blank" rel="noreferrer noopener">IHK Auszeichnung</a></strong> für einen entscheidenden Beitrag für die Entwicklung der pfälzischen Wirtschaft erhalten.</p>



<p>Frische-Logistik ist unsere tägliche Herausforderung und Kundenzufriedenheit ist unser Ziel. Um dieses Ziel auch zukünftig erreichen zu können, braucht unser Team Verstärkung.</p>



<figure class="wp-block-video"><video controls src="https://adam-theis.de/wp-content/uploads/adam_theis___recruitingclip_allgemein.mp4"></video></figure>



<div style="height:23px" aria-hidden="true" class="wp-block-spacer"></div>



<p class="has-text-align-left">Wir haben Ihr Interesse geweckt? Dann bewerben Sie sich bitte hier:</p>



<p><a href="https://adam-theis.de/?aol_ad=schnellbewerbung">Schnellbewerbung</a></p>



<div class="wp-block-columns is-layout-flex wp-container-core-columns-is-layout-28f84493 wp-block-columns-is-layout-flex">
<div class="wp-block-column is-layout-flow wp-block-column-is-layout-flow" style="flex-basis:100%">
<h2 class="wp-block-heading" style="font-size:28px"><strong>Ausbildung/Studium:</strong></h2>



<figure class="wp-block-table alignleft is-style-stripes"><table class="has-fixed-layout"><tbody><tr><td class="has-text-align-left" data-align="left"><a href="https://adam-theis.de/wp-content/uploads/Stellenanz.Azubi-Kaufmann-GH-2026.pdf" target="_blank" rel="noreferrer noopener">Ausbildung zum Kaufmann für Groß- und Außenhandelsmanagement (m/w/d)</a></td><td class="has-text-align-right" data-align="right"><a href="https://adam-theis.de/wp-content/uploads/adam_theis___MARVIN_Gross_A_Kaufmann_Ausbildung.mp4" target="_blank" rel="noreferrer noopener">Video</a></td></tr><tr><td class="has-text-align-left" data-align="left"><a href="https://adam-theis.de/wp-content/uploads/Stellenanz.Azubi-Fachkraft-Lagerlogistik.pdf" target="_blank" rel="noreferrer noopener">Ausbildung zur Fachkraft für Lagerlogistik (m/w/d)</a></td><td class="has-text-align-right" data-align="right"><a href="https://adam-theis.de/wp-content/uploads/adam_theis___MARIUS_Lagerlogistik_Ausbildung.mp4" target="_blank" rel="noreferrer noopener">Video</a></td></tr><tr><td class="has-text-align-left" data-align="left"><a href="https://adam-theis.de/wp-content/uploads/Stellenanz.DHBW-BWL-Handel-2026.pdf" target="_blank" rel="noreferrer noopener">Duales Studium BWL-Handel (Bachelor of Arts) (m/w/d)</a></td><td class="has-text-align-right" data-align="right"></td></tr><tr><td class="has-text-align-left" data-align="left"><a href="https://adam-theis.de/wp-content/uploads/Stellenanz.DHBW-BWL-Food-Management_2026.pdf">Duales Studium BWL-Food Management (Bachelor of Arts) (m/w/d)</a></td><td class="has-text-align-right" data-align="right"></td></tr></tbody></table></figure>
</div>
</div>



<h2 class="wp-block-heading"><strong>Vakante Stellen:</strong></h2>



<figure class="wp-block-table alignleft is-style-stripes"><table class="has-fixed-layout"><tbody><tr><td><a href="https://adam-theis.de/wp-content/uploads/Lagerarbeiter-GH-19.12.25.pdf">Lagerarbeiter / Kommissionierer / Warenannehmer Großhandel (m/w/d)</a></td><td class="has-text-align-right" data-align="right"></td></tr><tr><td><a href="https://adam-theis.de/wp-content/uploads/26-02-17-Produktionshelfer-17.02.2026.pdf">Produktionshelfer in der Gemüse-Verarbeitung (m/w/d)</a></td><td class="has-text-align-right" data-align="right"></td></tr></tbody></table></figure>



<hr class="wp-block-separator has-css-opacity"/>



<p></p>



<p></p>



<p></p>



<p><mark style="background-color:rgba(0, 0, 0, 0)" class="has-inline-color has-white-color">.</mark></p>



<p></p>

<p>Die Adam Theis GmbH ist einer der größten Obst- und Gemüsevermarkter der Pfalz mit mehr als 300 Mitarbeitern. Unser familiengeführtes Unternehmen beliefert seit 1875 Großhändler in Süddeutschland und die regionale Gastronomie, auch mit selbstproduzierter, küchenfertiger Schnittware.Auch im Jahr 2025 hat die Adam Theis GmbH wieder die IHK Auszeichnung für einen [&hellip;]</p>
